e prime factors of 17829799?
13, 383, 3581
List the prime factors of 590933.
7, 29, 41, 71
List the prime factors of 75144.
2, 3, 31, 101
What are the prime factors of 10069612?
2, 7, 29, 12401
List the prime factors of 1084475.
5, 7, 6197
List the prime factors of 817775.
5, 7, 4673
List the prime factors of 397541.
397541
What are the prime factors of 3923133?
3, 23, 56857
List the prime factors of 122763.
3, 151, 271
List the prime factors of 2850711.
3, 53, 17929
List the prime factors of 238793.
31, 7703
List the prime factors of 4620124.
2, 17, 67943
What are the prime factors of 777709?
47, 16547
List the prime factors of 9609799.
9609799
List the prime factors of 70810.
2, 5, 73, 97
List the prime factors of 107015.
5, 17, 1259
List the prime factors of 1071651.
3, 7, 51031
What are the prime factors of 19074?
2, 3, 11, 17
List the prime factors of 2944466.
2, 7, 210319
List the prime factors of 23141388.
2, 3, 1928449
List the prime factors of 1238940.
2, 3, 5, 6883
List the prime factors of 10228169.
7, 17, 23, 37, 101
What are the prime factors of 2370055?
5, 17, 27883
List the prime factors of 14951208.
2, 3, 622967
List the prime factors of 209956.
2, 52489
What are the prime factors of 101703?
3, 7, 29, 167
List the prime factors of 6431836.
2, 83, 19373
What are the prime factors of 663900?
2, 3, 5, 2213
What are the prime factors of 380475?
3, 5, 19, 89
List the prime factors of 40805301.
3, 1789, 7603
What are the prime factors of 4584602?
2, 11, 208391
List the prime factors of 225734.
2, 59, 1913
List the prime factors of 2013568.
2, 15731
What are the prime factors of 5593601?
13, 430277
List the prime factors of 19304.
2, 19, 127
What are the prime factors of 744887?
11, 13, 5209
List the prime factors of 11482708.
2, 769, 3733
List the prime factors of 3736130.
2, 5, 373613
List the prime factors of 3131701.
3131701
List the prime factors of 19801598.
2, 9900799
What are the prime factors of 712104?
2, 3, 29671
What are the prime factors of 361288?
2, 45161
What are the prime factors of 24074?
2, 12037
What are the prime factors of 2124952?
2, 265619
What are the prime factors of 2079577?
2079577
What are the prime factors of 55132?
2, 7, 11, 179
List the prime factors of 222266.
2, 11, 10103
What are the prime factors of 158196?
2, 3, 13183
What are the prime factors of 3032812?
2, 758203
What are the prime factors of 194834?
2, 61, 1597
List the prime factors of 3274847.
3274847
What are the prime factors of 410492?
2, 41, 2503
What are the prime factors of 3615?
3, 5, 241
List the prime factors of 234627.
3, 197, 397
List the prime factors of 2034904.
2, 113, 2251
List the prime factors of 582468.
2, 3, 48539
List the prime factors of 975494.
2, 13, 17, 2207
What are the prime factors of 295450?
2, 5, 19, 311
List the prime factors of 828044.
2, 7, 29573
What are the prime factors of 1786680?
2, 3, 5, 7, 709
What are the prime factors of 9506266?
2, 7, 11, 61729
List the prime factors of 159565.
5, 7, 47, 97
What are the prime factors of 460889?
11, 13, 293
What are the prime factors of 326032?
2, 7, 41, 71
What are the prime factors of 1155469?
7, 23581
What are the prime factors of 12620921?
19, 34961
List the prime factors of 1038982.
2, 7, 47, 1579
What are the prime factors of 4896796?
2, 193, 6343
What are the prime factors of 3539518?
2, 31, 57089
What are the prime factors of 1446195?
3, 5, 67, 1439
What are the prime factors of 715289?
715289
List the prime factors of 1307728.
2, 37, 47
What are the prime factors of 3297214?
2, 1277, 1291
List the prime factors of 500843.
7, 71549
List the prime factors of 8276449.
131, 63179
What are the prime factors of 4513232?
2, 311, 907
List the prime factors of 150180.
2, 3, 5, 2503
List the prime factors of 16013825.
5, 31, 20663
What are the prime factors of 300707?
11, 27337
List the prime factors of 276595.
5, 11, 47, 107
What are the prime factors of 452993?
317, 1429
List the prime factors of 2229343.
193, 11551
List the prime factors of 176390.
2, 5, 31, 569
List the prime factors of 960497.
960497
What are the prime factors of 969501?
3, 13, 24859
What are the prime factors of 169454?
2, 193, 439
List the prime factors of 6208482.
2, 3, 7, 23, 6427
List the prime factors of 2265560.
2, 5, 11, 19, 271
List the prime factors of 305526.
2, 3, 13, 3917
What are the prime factors of 601974?
2, 3, 53, 631
List the prime factors of 244946.
2, 13, 9421
What are the prime factors of 1511573?
7, 215939
What are the prime factors of 918876?
2, 3, 7, 10939
What are the prime factors of 241126?
2, 120563
What are the prime factors of 12312583?
173, 71171
List the prime factors of 6925129.
811, 8539
List the prime factors of 9052618.
2, 43, 105263
What are the prime factors of 2674966?
2, 7, 157, 1217
List the prime factors of 1132127.
157, 7211
What are the prime factors of 29515448?
2, 227, 16253
List the prime factors of 26498561.
26498561
What are the prime factors of 4702829?
17, 276637
List the prime factors of 295558.
2, 147779
List the prime factors of 102933.
3, 11437
List the prime factors of 1073536.
2, 8387
List the prime factors of 54556.
2, 23, 593
List the prime factors of 71144.
2, 8893
List the prime factors of 12174982.
2, 127, 47933
What are the prime factors of 1903558?
2, 17, 55987
List the prime factors of 1608782.
2, 7, 114913
List the prime factors of 20432661.
3, 1223, 5569
List the prime factors of 4278850.
2, 5, 85577
What are the prime factors of 211234?
2, 31, 3407
What are the prime factors of 28222?
2, 103, 137
List the prime factors of 246970.
2, 5, 24697
What are the prime factors of 29048102?
2, 14524051
What are the prime factors of 677698?
2, 7, 48407
What are the prime factors of 147821?
23, 6427
What are the prime factors of 3160173?
3, 317, 3323
List the prime factors of 3277547.
7, 13, 36017
What are the prime factors of 732359?
163, 4493
What are the prime factors of 5548879?
7, 792697
What are the prime factors of 617475?
3, 5, 8233
What are the prime factors of 1124999?
23, 41, 1193
What are the prime factors of 6687840?
2, 3, 5, 13933
What are the prime factors of 72385?
5, 31, 467
What are the prime factors of 8742313?
8742313
List the prime factors of 1821735.
3, 5, 40483
What are the prime factors of 102195?
3, 5, 757
List the prime factors of 5806174.
2, 11, 41, 157
List the prime factors of 10530723.
3, 7, 501463
List the prime factors of 31871311.
17, 47, 113, 353
List the prime factors of 8031672.
2, 3, 11, 10141
List the prime factors of 682199.
7, 41, 2377
List the prime factors of 2589585.
3, 5, 31, 5569
What are the prime factors of 6285723?
3, 269, 7789
What are the prime factors of 4089464?
2, 29, 17627
List the prime factors of 2994432.
2, 3, 7, 557
List the prime factors of 21282144.
2, 3, 13, 17053
List the prime factors of 340138.
2, 19, 8951
What are the prime factors of 5165458?
2, 2582729
List the prime factors of 3798905.
5, 11, 17, 239
List the prime factors of 228251.
228251
List the prime factors of 69658.
2, 29, 1201
List the prime factors of 539883.
3, 223, 269
What are the prime factors of 25482000?
2, 3, 5, 31, 137
List the prime factors of 7473058.
2, 59, 63331
What are the prime factors of 127651?
107, 1193
List the prime factors of 455563.
19, 23977
What are the prime factors of 3268441?
11, 61, 4871
List the prime factors of 1013468.
2, 253367
What are the prime factors of 31553411?
17, 1856083
What are the prime factors of 12203707?
977, 12491
What are the prime factors of 744395?
5, 23, 6473
What are the prime factors of 9905927?
929, 10663
What are the prime factors of 6047510?
2, 5, 7, 19, 4547
List the prime factors of 5094816.
2, 3, 73, 727
List the prime factors of 1889791.
31, 60961
What are the prime factors of 164356?
2, 17, 2417
What are the prime factors of 29622946?
2, 79, 313, 599
List the prime factors of 23830188.
2, 3, 1985849
What are the prime factors of 1906831?
1906831
What are the prime factors of 94742?
2, 127, 373
What are the prime factors of 1938153?
3, 7, 17, 61, 89
What are the prime factors of 3279440?
2, 5, 40993
What are the prime factors of 241658?
2, 120829
List the prime factors of 428669.
401, 1069
What are the prime factors of 603767?
179, 3373
List the prime f